{"id":1428,"date":"2024-05-24T22:55:47","date_gmt":"2024-05-24T19:55:47","guid":{"rendered":"https:\/\/dev.epik.fi\/?page_id=1428"},"modified":"2026-04-22T10:55:42","modified_gmt":"2026-04-22T07:55:42","slug":"westavia-fly-in-saapuminen-ja-lahto","status":"publish","type":"page","link":"https:\/\/www.epik.fi\/index.php\/westavia-fly-in-saapuminen-ja-lahto\/","title":{"rendered":"WEST AVIA AIRSHOW &amp; FLY IN SEIN\u00c4JOKI 26.7.2026: Fly in saapuminen ja l\u00e4ht\u00f6"},"content":{"rendered":"<div class=\"wp-block-buttons is-layout-flex wp-block-buttons-is-layout-flex\"><div class=\"wp-block-button\"><a class=\"wp-block-button__link wp-element-button\" href=\"https:\/\/www.epik.fi\/index.php\/west-aviaairshow\/\">Lenton\u00e4yt\u00f6ksen kotisivu<\/a><\/div><\/div><p>Tervetuloa 26.7.2026  WEST AVIA AIRSHOW &amp; FLY IN SEIN\u00c4JOKI T\u00e4lt\u00e4 sivulta l\u00f6yd\u00e4t kaikki tarvitsemasi ohjeet saapumiseen ja l\u00e4htemiseen Fly-in-tapahtumaan.<\/p><h3 class=\"wp-block-heading\"><i class=\"fas fa-plane-arrival\"><\/i> Saapumisajat<\/h3><ul class=\"wp-block-list\"><li>Vapaa saapuminen klo 10:00 asti.<\/li><\/ul><h4 class=\"wp-block-heading\"><i class=\"fas fa-plane-departure\"><\/i> L\u00e4ht\u00f6ajat<\/h4><ul class=\"wp-block-list\"><li>Lent\u00f6n\u00e4yt\u00f6ksen loputtua.<\/li><\/ul><h4 class=\"wp-block-heading\"><i class=\"fas fa-tower-broadcast\"><\/i> Sein\u00e4joki : Taajuus<\/h4><ul class=\"wp-block-list\"><li>123.600<\/li><\/ul><h4 class=\"wp-block-heading\"><i class=\"fas fa-circle-info\"><\/i> Ilmoittautumispaikka saapuessa<\/h4><ul class=\"wp-block-list\"><li>Viimeist\u00e4\u00e4n 10 min ennen EFSI  FIZ rajaa ja tai ilmoittautumispisteit\u00e4<\/li><\/ul><h4 class=\"wp-block-heading\"><i class=\"fas fa-gas-pump\"><\/i> Polttoaineen saatavuus<\/h4><ul class=\"wp-block-list\"><li>Julkaistaan notamilla l\u00e4hemp\u00e4n\u00e4 tapahtumaa.<\/li><\/ul><h4 class=\"wp-block-heading\"><i class=\"fas fa-square-parking\"><\/i> Koneiden paikoitus<\/h4><ul class=\"wp-block-list\"><li>Paikoitus lentoaseman puolella elikk\u00e4s Alfasta rullaten ja paikka osoitetaan.<\/li><\/ul><h2 class=\"wp-block-heading\"><i class=\"fas fa-square-parking\"><\/i> Makkara ja kahvi pilotille (sille joka toimii p\u00e4\u00e4llikk\u00f6n\u00e4)<\/h2><h2 class=\"wp-block-heading\">Laskeutumismaksu vapautus tapahtumaan  saapuville koneille.<\/h2>","protected":false},"excerpt":{"rendered":"<p>Tervetuloa 26.7.2026 WEST AVIA AIRSHOW &amp; FLY IN SEIN\u00c4JOKI T\u00e4lt\u00e4 sivulta l\u00f6yd\u00e4t kaikki tarvitsemasi ohjeet saapumiseen ja l\u00e4htemiseen Fly-in-tapahtumaan. Saapumisajat L\u00e4ht\u00f6ajat Sein\u00e4joki : Taajuus Ilmoittautumispaikka saapuessa Polttoaineen saatavuus Koneiden paikoitus Makkara ja kahvi pilotille (sille joka toimii p\u00e4\u00e4llikk\u00f6n\u00e4) Laskeutumismaksu vapautus tapahtumaan saapuville koneille.<\/p>\n","protected":false},"author":1,"featured_media":0,"parent":0,"menu_order":0,"comment_status":"closed","ping_status":"closed","template":"","meta":{"_mc_calendar":[],"footnotes":""},"class_list":["post-1428","page","type-page","status-publish","hentry"],"yoast_head":"<!-- This site is optimized with the Yoast SEO plugin v25.1 - https:\/\/yoast.com\/wordpress\/plugins\/seo\/ -->\n<title>WEST AVIA AIRSHOW &amp; FLY IN SEIN\u00c4JOKI 26.7.2026: Fly in saapuminen ja l\u00e4ht\u00f6 - EPIK<\/title>\n<meta name=\"robots\" content=\"index, follow, max-snippet:-1, max-image-preview:large, max-video-preview:-1\" \/>\n<link rel=\"canonical\" href=\"https:\/\/www.epik.fi\/index.php\/westavia-fly-in-saapuminen-ja-lahto\/\" \/>\n<meta property=\"og:locale\" content=\"fi_FI\" \/>\n<meta property=\"og:type\" content=\"article\" \/>\n<meta property=\"og:title\" content=\"WEST AVIA AIRSHOW &amp; FLY IN SEIN\u00c4JOKI 26.7.2026: Fly in saapuminen ja l\u00e4ht\u00f6 - EPIK\" \/>\n<meta property=\"og:description\" content=\"Tervetuloa 26.7.2026 WEST AVIA AIRSHOW &amp; FLY IN SEIN\u00c4JOKI T\u00e4lt\u00e4 sivulta l\u00f6yd\u00e4t kaikki tarvitsemasi ohjeet saapumiseen ja l\u00e4htemiseen Fly-in-tapahtumaan. Saapumisajat L\u00e4ht\u00f6ajat Sein\u00e4joki : Taajuus Ilmoittautumispaikka saapuessa Polttoaineen saatavuus Koneiden paikoitus Makkara ja kahvi pilotille (sille joka toimii p\u00e4\u00e4llikk\u00f6n\u00e4) Laskeutumismaksu vapautus tapahtumaan saapuville koneille.\" \/>\n<meta property=\"og:url\" content=\"https:\/\/www.epik.fi\/index.php\/westavia-fly-in-saapuminen-ja-lahto\/\" \/>\n<meta property=\"og:site_name\" content=\"EPIK\" \/>\n<meta property=\"article:publisher\" content=\"https:\/\/www.facebook.com\/EPilmailukerho\" \/>\n<meta property=\"article:modified_time\" content=\"2026-04-22T07:55:42+00:00\" \/>\n<meta name=\"twitter:card\" content=\"summary_large_image\" \/>\n<meta name=\"twitter:label1\" content=\"Arvioitu lukuaika\" \/>\n\t<meta name=\"twitter:data1\" content=\"1 minuutti\" \/>\n<script type=\"application\/ld+json\" class=\"yoast-schema-graph\">{\"@context\":\"https:\/\/schema.org\",\"@graph\":[{\"@type\":\"WebPage\",\"@id\":\"https:\/\/www.epik.fi\/index.php\/westavia-fly-in-saapuminen-ja-lahto\/\",\"url\":\"https:\/\/www.epik.fi\/index.php\/westavia-fly-in-saapuminen-ja-lahto\/\",\"name\":\"WEST AVIA AIRSHOW &amp; FLY IN SEIN\u00c4JOKI 26.7.2026: Fly in saapuminen ja l\u00e4ht\u00f6 - EPIK\",\"isPartOf\":{\"@id\":\"https:\/\/www.epik.fi\/#website\"},\"datePublished\":\"2024-05-24T19:55:47+00:00\",\"dateModified\":\"2026-04-22T07:55:42+00:00\",\"breadcrumb\":{\"@id\":\"https:\/\/www.epik.fi\/index.php\/westavia-fly-in-saapuminen-ja-lahto\/#breadcrumb\"},\"inLanguage\":\"fi\",\"potentialAction\":[{\"@type\":\"ReadAction\",\"target\":[\"https:\/\/www.epik.fi\/index.php\/westavia-fly-in-saapuminen-ja-lahto\/\"]}]},{\"@type\":\"BreadcrumbList\",\"@id\":\"https:\/\/www.epik.fi\/index.php\/westavia-fly-in-saapuminen-ja-lahto\/#breadcrumb\",\"itemListElement\":[{\"@type\":\"ListItem\",\"position\":1,\"name\":\"Etusivu\",\"item\":\"https:\/\/www.epik.fi\/\"},{\"@type\":\"ListItem\",\"position\":2,\"name\":\"WEST AVIA AIRSHOW &amp; FLY IN SEIN\u00c4JOKI 26.7.2026: Fly in saapuminen ja l\u00e4ht\u00f6\"}]},{\"@type\":\"WebSite\",\"@id\":\"https:\/\/www.epik.fi\/#website\",\"url\":\"https:\/\/www.epik.fi\/\",\"name\":\"EPIK\",\"description\":\"Sein\u00e4joen lentokent\u00e4ll\u00e4 toimiva ilmailukerho\",\"publisher\":{\"@id\":\"https:\/\/www.epik.fi\/#organization\"},\"potentialAction\":[{\"@type\":\"SearchAction\",\"target\":{\"@type\":\"EntryPoint\",\"urlTemplate\":\"https:\/\/www.epik.fi\/?s={search_term_string}\"},\"query-input\":{\"@type\":\"PropertyValueSpecification\",\"valueRequired\":true,\"valueName\":\"search_term_string\"}}],\"inLanguage\":\"fi\"},{\"@type\":\"Organization\",\"@id\":\"https:\/\/www.epik.fi\/#organization\",\"name\":\"EPIK\",\"url\":\"https:\/\/www.epik.fi\/\",\"logo\":{\"@type\":\"ImageObject\",\"inLanguage\":\"fi\",\"@id\":\"https:\/\/www.epik.fi\/#\/schema\/logo\/image\/\",\"url\":\"https:\/\/www.epik.fi\/wordpress\/wp-content\/uploads\/2023\/10\/Logo.jpg\",\"contentUrl\":\"https:\/\/www.epik.fi\/wordpress\/wp-content\/uploads\/2023\/10\/Logo.jpg\",\"width\":235,\"height\":234,\"caption\":\"EPIK\"},\"image\":{\"@id\":\"https:\/\/www.epik.fi\/#\/schema\/logo\/image\/\"},\"sameAs\":[\"https:\/\/www.facebook.com\/EPilmailukerho\"]}]}<\/script>\n<!-- \/ Yoast SEO plugin. -->","yoast_head_json":{"title":"WEST AVIA AIRSHOW &amp; FLY IN SEIN\u00c4JOKI 26.7.2026: Fly in saapuminen ja l\u00e4ht\u00f6 - EPIK","robots":{"index":"index","follow":"follow","max-snippet":"max-snippet:-1","max-image-preview":"max-image-preview:large","max-video-preview":"max-video-preview:-1"},"canonical":"https:\/\/www.epik.fi\/index.php\/westavia-fly-in-saapuminen-ja-lahto\/","og_locale":"fi_FI","og_type":"article","og_title":"WEST AVIA AIRSHOW &amp; FLY IN SEIN\u00c4JOKI 26.7.2026: Fly in saapuminen ja l\u00e4ht\u00f6 - EPIK","og_description":"Tervetuloa 26.7.2026 WEST AVIA AIRSHOW &amp; FLY IN SEIN\u00c4JOKI T\u00e4lt\u00e4 sivulta l\u00f6yd\u00e4t kaikki tarvitsemasi ohjeet saapumiseen ja l\u00e4htemiseen Fly-in-tapahtumaan. Saapumisajat L\u00e4ht\u00f6ajat Sein\u00e4joki : Taajuus Ilmoittautumispaikka saapuessa Polttoaineen saatavuus Koneiden paikoitus Makkara ja kahvi pilotille (sille joka toimii p\u00e4\u00e4llikk\u00f6n\u00e4) Laskeutumismaksu vapautus tapahtumaan saapuville koneille.","og_url":"https:\/\/www.epik.fi\/index.php\/westavia-fly-in-saapuminen-ja-lahto\/","og_site_name":"EPIK","article_publisher":"https:\/\/www.facebook.com\/EPilmailukerho","article_modified_time":"2026-04-22T07:55:42+00:00","twitter_card":"summary_large_image","twitter_misc":{"Arvioitu lukuaika":"1 minuutti"},"schema":{"@context":"https:\/\/schema.org","@graph":[{"@type":"WebPage","@id":"https:\/\/www.epik.fi\/index.php\/westavia-fly-in-saapuminen-ja-lahto\/","url":"https:\/\/www.epik.fi\/index.php\/westavia-fly-in-saapuminen-ja-lahto\/","name":"WEST AVIA AIRSHOW &amp; FLY IN SEIN\u00c4JOKI 26.7.2026: Fly in saapuminen ja l\u00e4ht\u00f6 - EPIK","isPartOf":{"@id":"https:\/\/www.epik.fi\/#website"},"datePublished":"2024-05-24T19:55:47+00:00","dateModified":"2026-04-22T07:55:42+00:00","breadcrumb":{"@id":"https:\/\/www.epik.fi\/index.php\/westavia-fly-in-saapuminen-ja-lahto\/#breadcrumb"},"inLanguage":"fi","potentialAction":[{"@type":"ReadAction","target":["https:\/\/www.epik.fi\/index.php\/westavia-fly-in-saapuminen-ja-lahto\/"]}]},{"@type":"BreadcrumbList","@id":"https:\/\/www.epik.fi\/index.php\/westavia-fly-in-saapuminen-ja-lahto\/#breadcrumb","itemListElement":[{"@type":"ListItem","position":1,"name":"Etusivu","item":"https:\/\/www.epik.fi\/"},{"@type":"ListItem","position":2,"name":"WEST AVIA AIRSHOW &amp; FLY IN SEIN\u00c4JOKI 26.7.2026: Fly in saapuminen ja l\u00e4ht\u00f6"}]},{"@type":"WebSite","@id":"https:\/\/www.epik.fi\/#website","url":"https:\/\/www.epik.fi\/","name":"EPIK","description":"Sein\u00e4joen lentokent\u00e4ll\u00e4 toimiva ilmailukerho","publisher":{"@id":"https:\/\/www.epik.fi\/#organization"},"potentialAction":[{"@type":"SearchAction","target":{"@type":"EntryPoint","urlTemplate":"https:\/\/www.epik.fi\/?s={search_term_string}"},"query-input":{"@type":"PropertyValueSpecification","valueRequired":true,"valueName":"search_term_string"}}],"inLanguage":"fi"},{"@type":"Organization","@id":"https:\/\/www.epik.fi\/#organization","name":"EPIK","url":"https:\/\/www.epik.fi\/","logo":{"@type":"ImageObject","inLanguage":"fi","@id":"https:\/\/www.epik.fi\/#\/schema\/logo\/image\/","url":"https:\/\/www.epik.fi\/wordpress\/wp-content\/uploads\/2023\/10\/Logo.jpg","contentUrl":"https:\/\/www.epik.fi\/wordpress\/wp-content\/uploads\/2023\/10\/Logo.jpg","width":235,"height":234,"caption":"EPIK"},"image":{"@id":"https:\/\/www.epik.fi\/#\/schema\/logo\/image\/"},"sameAs":["https:\/\/www.facebook.com\/EPilmailukerho"]}]}},"_links":{"self":[{"href":"https:\/\/www.epik.fi\/index.php\/wp-json\/wp\/v2\/pages\/1428"}],"collection":[{"href":"https:\/\/www.epik.fi\/index.php\/wp-json\/wp\/v2\/pages"}],"about":[{"href":"https:\/\/www.epik.fi\/index.php\/wp-json\/wp\/v2\/types\/page"}],"author":[{"embeddable":true,"href":"https:\/\/www.epik.fi\/index.php\/wp-json\/wp\/v2\/users\/1"}],"replies":[{"embeddable":true,"href":"https:\/\/www.epik.fi\/index.php\/wp-json\/wp\/v2\/comments?post=1428"}],"version-history":[{"count":2,"href":"https:\/\/www.epik.fi\/index.php\/wp-json\/wp\/v2\/pages\/1428\/revisions"}],"predecessor-version":[{"id":2361,"href":"https:\/\/www.epik.fi\/index.php\/wp-json\/wp\/v2\/pages\/1428\/revisions\/2361"}],"wp:attachment":[{"href":"https:\/\/www.epik.fi\/index.php\/wp-json\/wp\/v2\/media?parent=1428"}],"curies":[{"name":"wp","href":"https:\/\/api.w.org\/{rel}","templated":true}]}}