{"id":2212,"date":"2025-11-05T19:31:26","date_gmt":"2025-11-05T17:31:26","guid":{"rendered":"https:\/\/www.epik.fi\/?page_id=2212"},"modified":"2025-11-05T19:48:39","modified_gmt":"2025-11-05T17:48:39","slug":"west-avia-air-show-fly-in","status":"publish","type":"page","link":"https:\/\/www.epik.fi\/index.php\/west-avia-air-show-fly-in\/","title":{"rendered":"WEST AVIA AIR SHOW &amp; FLY IN"},"content":{"rendered":"<figure class=\"wp-block-image size-full\"><img loading=\"lazy\" decoding=\"async\" width=\"1024\" height=\"1024\" src=\"https:\/\/www.epik.fi\/wordpress\/wp-content\/uploads\/2025\/11\/West_Avia_2026.jpg\" alt=\"\" class=\"wp-image-2216\" srcset=\"https:\/\/www.epik.fi\/wordpress\/wp-content\/uploads\/2025\/11\/West_Avia_2026.jpg 1024w, https:\/\/www.epik.fi\/wordpress\/wp-content\/uploads\/2025\/11\/West_Avia_2026-300x300.jpg 300w, https:\/\/www.epik.fi\/wordpress\/wp-content\/uploads\/2025\/11\/West_Avia_2026-150x150.jpg 150w, https:\/\/www.epik.fi\/wordpress\/wp-content\/uploads\/2025\/11\/West_Avia_2026-768x768.jpg 768w, https:\/\/www.epik.fi\/wordpress\/wp-content\/uploads\/2025\/11\/West_Avia_2026-600x600.jpg 600w, https:\/\/www.epik.fi\/wordpress\/wp-content\/uploads\/2025\/11\/West_Avia_2026-100x100.jpg 100w\" sizes=\"(max-width: 1024px) 100vw, 1024px\" \/><\/figure><div class=\"wp-block-stackable-divider stk-block-divider stk-block stk-8ad8fbb\" data-block-id=\"8ad8fbb\"><hr class=\"stk-block-divider__hr\"\/><\/div><h3 class=\"wp-block-heading\"><strong>26.7.2026 \u2022 Sein\u00e4joki<\/strong><\/h3><p><br>\ud83d\udca5 Koko perheen ilmailujuhla taivaalla ja kent\u00e4ll\u00e4!<br>\ud83d\udca5 Nauti huikeista lenton\u00e4yt\u00f6ksist\u00e4, tutustu harrasteilmailuun &amp; osallistu fly-in-tapahtumaan.<br>\ud83d\udca5 Luvassa koneita, moottoreita ja hyv\u00e4\u00e4 meininki\u00e4 \u2013 niin nuorille kuin vanhemmillekin.<br>\ud83c\udfab Varaa p\u00e4iv\u00e4 jo kalenteriin \u2013 t\u00e4m\u00e4 ilmailutapahtuma ei j\u00e4t\u00e4 kylm\u00e4ksi!<br>\ud83d\udc49 Lis\u00e4tietoja ja liput: j\u00e4rjest\u00e4\u00e4 Etel\u00e4\u2011Pohjanmaan Ilmailukerho ry.<\/p><h4 class=\"wp-block-heading\"><strong>N\u00e4hd\u00e4\u00e4n Sein\u00e4joella taivaassa ja lentokent\u00e4ll\u00e4 !<\/strong><\/h4><h4 class=\"wp-block-heading\"><strong>Lis\u00e4tietoja tapahtumaohjelmasta my\u00f6hemmin<\/strong><\/h4>","protected":false},"excerpt":{"rendered":"<p>26.7.2026 \u2022 Sein\u00e4joki \ud83d\udca5 Koko perheen ilmailujuhla taivaalla ja kent\u00e4ll\u00e4!\ud83d\udca5 Nauti huikeista lenton\u00e4yt\u00f6ksist\u00e4, tutustu harrasteilmailuun &amp; osallistu fly-in-tapahtumaan.\ud83d\udca5 Luvassa koneita, moottoreita ja hyv\u00e4\u00e4 meininki\u00e4 \u2013 niin nuorille kuin vanhemmillekin.\ud83c\udfab Varaa p\u00e4iv\u00e4 jo kalenteriin \u2013 t\u00e4m\u00e4 ilmailutapahtuma ei j\u00e4t\u00e4 kylm\u00e4ksi!\ud83d\udc49 Lis\u00e4tietoja ja liput: j\u00e4rjest\u00e4\u00e4 Etel\u00e4\u2011Pohjanmaan Ilmailukerho ry. N\u00e4hd\u00e4\u00e4n Sein\u00e4joella taivaassa ja lentokent\u00e4ll\u00e4 ! Lis\u00e4tietoja tapahtumaohjelmasta my\u00f6hemmin<\/p>\n","protected":false},"author":1,"featured_media":0,"parent":0,"menu_order":0,"comment_status":"closed","ping_status":"closed","template":"","meta":{"_mc_calendar":[],"footnotes":""},"class_list":["post-2212","page","type-page","status-publish","hentry"],"yoast_head":"<!-- This site is optimized with the Yoast SEO plugin v25.1 - https:\/\/yoast.com\/wordpress\/plugins\/seo\/ -->\n<title>WEST AVIA AIR SHOW &amp; FLY IN - EPIK<\/title>\n<meta name=\"robots\" content=\"index, follow, max-snippet:-1, max-image-preview:large, max-video-preview:-1\" \/>\n<link rel=\"canonical\" href=\"https:\/\/www.epik.fi\/index.php\/west-avia-air-show-fly-in\/\" \/>\n<meta property=\"og:locale\" content=\"fi_FI\" \/>\n<meta property=\"og:type\" content=\"article\" \/>\n<meta property=\"og:title\" content=\"WEST AVIA AIR SHOW &amp; FLY IN - EPIK\" \/>\n<meta property=\"og:description\" content=\"26.7.2026 \u2022 Sein\u00e4joki \ud83d\udca5 Koko perheen ilmailujuhla taivaalla ja kent\u00e4ll\u00e4!\ud83d\udca5 Nauti huikeista lenton\u00e4yt\u00f6ksist\u00e4, tutustu harrasteilmailuun &amp; osallistu fly-in-tapahtumaan.\ud83d\udca5 Luvassa koneita, moottoreita ja hyv\u00e4\u00e4 meininki\u00e4 \u2013 niin nuorille kuin vanhemmillekin.\ud83c\udfab Varaa p\u00e4iv\u00e4 jo kalenteriin \u2013 t\u00e4m\u00e4 ilmailutapahtuma ei j\u00e4t\u00e4 kylm\u00e4ksi!\ud83d\udc49 Lis\u00e4tietoja ja liput: j\u00e4rjest\u00e4\u00e4 Etel\u00e4\u2011Pohjanmaan Ilmailukerho ry. N\u00e4hd\u00e4\u00e4n Sein\u00e4joella taivaassa ja lentokent\u00e4ll\u00e4 ! Lis\u00e4tietoja tapahtumaohjelmasta my\u00f6hemmin\" \/>\n<meta property=\"og:url\" content=\"https:\/\/www.epik.fi\/index.php\/west-avia-air-show-fly-in\/\" \/>\n<meta property=\"og:site_name\" content=\"EPIK\" \/>\n<meta property=\"article:publisher\" content=\"https:\/\/www.facebook.com\/EPilmailukerho\" \/>\n<meta property=\"article:modified_time\" content=\"2025-11-05T17:48:39+00:00\" \/>\n<meta property=\"og:image\" content=\"https:\/\/www.epik.fi\/wordpress\/wp-content\/uploads\/2025\/11\/West_Avia_2026.jpg\" \/>\n\t<meta property=\"og:image:width\" content=\"1024\" \/>\n\t<meta property=\"og:image:height\" content=\"1024\" \/>\n\t<meta property=\"og:image:type\" content=\"image\/jpeg\" \/>\n<meta name=\"twitter:card\" content=\"summary_large_image\" \/>\n<meta name=\"twitter:label1\" content=\"Arvioitu lukuaika\" \/>\n\t<meta name=\"twitter:data1\" content=\"1 minuutti\" \/>\n<script type=\"application\/ld+json\" class=\"yoast-schema-graph\">{\"@context\":\"https:\/\/schema.org\",\"@graph\":[{\"@type\":\"WebPage\",\"@id\":\"https:\/\/www.epik.fi\/index.php\/west-avia-air-show-fly-in\/\",\"url\":\"https:\/\/www.epik.fi\/index.php\/west-avia-air-show-fly-in\/\",\"name\":\"WEST AVIA AIR SHOW &amp; FLY IN - EPIK\",\"isPartOf\":{\"@id\":\"https:\/\/www.epik.fi\/#website\"},\"primaryImageOfPage\":{\"@id\":\"https:\/\/www.epik.fi\/index.php\/west-avia-air-show-fly-in\/#primaryimage\"},\"image\":{\"@id\":\"https:\/\/www.epik.fi\/index.php\/west-avia-air-show-fly-in\/#primaryimage\"},\"thumbnailUrl\":\"https:\/\/www.epik.fi\/wordpress\/wp-content\/uploads\/2025\/11\/West_Avia_2026.jpg\",\"datePublished\":\"2025-11-05T17:31:26+00:00\",\"dateModified\":\"2025-11-05T17:48:39+00:00\",\"breadcrumb\":{\"@id\":\"https:\/\/www.epik.fi\/index.php\/west-avia-air-show-fly-in\/#breadcrumb\"},\"inLanguage\":\"fi\",\"potentialAction\":[{\"@type\":\"ReadAction\",\"target\":[\"https:\/\/www.epik.fi\/index.php\/west-avia-air-show-fly-in\/\"]}]},{\"@type\":\"ImageObject\",\"inLanguage\":\"fi\",\"@id\":\"https:\/\/www.epik.fi\/index.php\/west-avia-air-show-fly-in\/#primaryimage\",\"url\":\"https:\/\/www.epik.fi\/wordpress\/wp-content\/uploads\/2025\/11\/West_Avia_2026.jpg\",\"contentUrl\":\"https:\/\/www.epik.fi\/wordpress\/wp-content\/uploads\/2025\/11\/West_Avia_2026.jpg\",\"width\":1024,\"height\":1024},{\"@type\":\"BreadcrumbList\",\"@id\":\"https:\/\/www.epik.fi\/index.php\/west-avia-air-show-fly-in\/#breadcrumb\",\"itemListElement\":[{\"@type\":\"ListItem\",\"position\":1,\"name\":\"Etusivu\",\"item\":\"https:\/\/www.epik.fi\/\"},{\"@type\":\"ListItem\",\"position\":2,\"name\":\"WEST AVIA AIR SHOW &amp; FLY IN\"}]},{\"@type\":\"WebSite\",\"@id\":\"https:\/\/www.epik.fi\/#website\",\"url\":\"https:\/\/www.epik.fi\/\",\"name\":\"EPIK\",\"description\":\"Sein\u00e4joen lentokent\u00e4ll\u00e4 toimiva ilmailukerho\",\"publisher\":{\"@id\":\"https:\/\/www.epik.fi\/#organization\"},\"potentialAction\":[{\"@type\":\"SearchAction\",\"target\":{\"@type\":\"EntryPoint\",\"urlTemplate\":\"https:\/\/www.epik.fi\/?s={search_term_string}\"},\"query-input\":{\"@type\":\"PropertyValueSpecification\",\"valueRequired\":true,\"valueName\":\"search_term_string\"}}],\"inLanguage\":\"fi\"},{\"@type\":\"Organization\",\"@id\":\"https:\/\/www.epik.fi\/#organization\",\"name\":\"EPIK\",\"url\":\"https:\/\/www.epik.fi\/\",\"logo\":{\"@type\":\"ImageObject\",\"inLanguage\":\"fi\",\"@id\":\"https:\/\/www.epik.fi\/#\/schema\/logo\/image\/\",\"url\":\"https:\/\/www.epik.fi\/wordpress\/wp-content\/uploads\/2023\/10\/Logo.jpg\",\"contentUrl\":\"https:\/\/www.epik.fi\/wordpress\/wp-content\/uploads\/2023\/10\/Logo.jpg\",\"width\":235,\"height\":234,\"caption\":\"EPIK\"},\"image\":{\"@id\":\"https:\/\/www.epik.fi\/#\/schema\/logo\/image\/\"},\"sameAs\":[\"https:\/\/www.facebook.com\/EPilmailukerho\"]}]}<\/script>\n<!-- \/ Yoast SEO plugin. -->","yoast_head_json":{"title":"WEST AVIA AIR SHOW &amp; FLY IN - EPIK","robots":{"index":"index","follow":"follow","max-snippet":"max-snippet:-1","max-image-preview":"max-image-preview:large","max-video-preview":"max-video-preview:-1"},"canonical":"https:\/\/www.epik.fi\/index.php\/west-avia-air-show-fly-in\/","og_locale":"fi_FI","og_type":"article","og_title":"WEST AVIA AIR SHOW &amp; FLY IN - EPIK","og_description":"26.7.2026 \u2022 Sein\u00e4joki \ud83d\udca5 Koko perheen ilmailujuhla taivaalla ja kent\u00e4ll\u00e4!\ud83d\udca5 Nauti huikeista lenton\u00e4yt\u00f6ksist\u00e4, tutustu harrasteilmailuun &amp; osallistu fly-in-tapahtumaan.\ud83d\udca5 Luvassa koneita, moottoreita ja hyv\u00e4\u00e4 meininki\u00e4 \u2013 niin nuorille kuin vanhemmillekin.\ud83c\udfab Varaa p\u00e4iv\u00e4 jo kalenteriin \u2013 t\u00e4m\u00e4 ilmailutapahtuma ei j\u00e4t\u00e4 kylm\u00e4ksi!\ud83d\udc49 Lis\u00e4tietoja ja liput: j\u00e4rjest\u00e4\u00e4 Etel\u00e4\u2011Pohjanmaan Ilmailukerho ry. N\u00e4hd\u00e4\u00e4n Sein\u00e4joella taivaassa ja lentokent\u00e4ll\u00e4 ! Lis\u00e4tietoja tapahtumaohjelmasta my\u00f6hemmin","og_url":"https:\/\/www.epik.fi\/index.php\/west-avia-air-show-fly-in\/","og_site_name":"EPIK","article_publisher":"https:\/\/www.facebook.com\/EPilmailukerho","article_modified_time":"2025-11-05T17:48:39+00:00","og_image":[{"width":1024,"height":1024,"url":"https:\/\/www.epik.fi\/wordpress\/wp-content\/uploads\/2025\/11\/West_Avia_2026.jpg","type":"image\/jpeg"}],"twitter_card":"summary_large_image","twitter_misc":{"Arvioitu lukuaika":"1 minuutti"},"schema":{"@context":"https:\/\/schema.org","@graph":[{"@type":"WebPage","@id":"https:\/\/www.epik.fi\/index.php\/west-avia-air-show-fly-in\/","url":"https:\/\/www.epik.fi\/index.php\/west-avia-air-show-fly-in\/","name":"WEST AVIA AIR SHOW &amp; FLY IN - EPIK","isPartOf":{"@id":"https:\/\/www.epik.fi\/#website"},"primaryImageOfPage":{"@id":"https:\/\/www.epik.fi\/index.php\/west-avia-air-show-fly-in\/#primaryimage"},"image":{"@id":"https:\/\/www.epik.fi\/index.php\/west-avia-air-show-fly-in\/#primaryimage"},"thumbnailUrl":"https:\/\/www.epik.fi\/wordpress\/wp-content\/uploads\/2025\/11\/West_Avia_2026.jpg","datePublished":"2025-11-05T17:31:26+00:00","dateModified":"2025-11-05T17:48:39+00:00","breadcrumb":{"@id":"https:\/\/www.epik.fi\/index.php\/west-avia-air-show-fly-in\/#breadcrumb"},"inLanguage":"fi","potentialAction":[{"@type":"ReadAction","target":["https:\/\/www.epik.fi\/index.php\/west-avia-air-show-fly-in\/"]}]},{"@type":"ImageObject","inLanguage":"fi","@id":"https:\/\/www.epik.fi\/index.php\/west-avia-air-show-fly-in\/#primaryimage","url":"https:\/\/www.epik.fi\/wordpress\/wp-content\/uploads\/2025\/11\/West_Avia_2026.jpg","contentUrl":"https:\/\/www.epik.fi\/wordpress\/wp-content\/uploads\/2025\/11\/West_Avia_2026.jpg","width":1024,"height":1024},{"@type":"BreadcrumbList","@id":"https:\/\/www.epik.fi\/index.php\/west-avia-air-show-fly-in\/#breadcrumb","itemListElement":[{"@type":"ListItem","position":1,"name":"Etusivu","item":"https:\/\/www.epik.fi\/"},{"@type":"ListItem","position":2,"name":"WEST AVIA AIR SHOW &amp; FLY IN"}]},{"@type":"WebSite","@id":"https:\/\/www.epik.fi\/#website","url":"https:\/\/www.epik.fi\/","name":"EPIK","description":"Sein\u00e4joen lentokent\u00e4ll\u00e4 toimiva ilmailukerho","publisher":{"@id":"https:\/\/www.epik.fi\/#organization"},"potentialAction":[{"@type":"SearchAction","target":{"@type":"EntryPoint","urlTemplate":"https:\/\/www.epik.fi\/?s={search_term_string}"},"query-input":{"@type":"PropertyValueSpecification","valueRequired":true,"valueName":"search_term_string"}}],"inLanguage":"fi"},{"@type":"Organization","@id":"https:\/\/www.epik.fi\/#organization","name":"EPIK","url":"https:\/\/www.epik.fi\/","logo":{"@type":"ImageObject","inLanguage":"fi","@id":"https:\/\/www.epik.fi\/#\/schema\/logo\/image\/","url":"https:\/\/www.epik.fi\/wordpress\/wp-content\/uploads\/2023\/10\/Logo.jpg","contentUrl":"https:\/\/www.epik.fi\/wordpress\/wp-content\/uploads\/2023\/10\/Logo.jpg","width":235,"height":234,"caption":"EPIK"},"image":{"@id":"https:\/\/www.epik.fi\/#\/schema\/logo\/image\/"},"sameAs":["https:\/\/www.facebook.com\/EPilmailukerho"]}]}},"_links":{"self":[{"href":"https:\/\/www.epik.fi\/index.php\/wp-json\/wp\/v2\/pages\/2212"}],"collection":[{"href":"https:\/\/www.epik.fi\/index.php\/wp-json\/wp\/v2\/pages"}],"about":[{"href":"https:\/\/www.epik.fi\/index.php\/wp-json\/wp\/v2\/types\/page"}],"author":[{"embeddable":true,"href":"https:\/\/www.epik.fi\/index.php\/wp-json\/wp\/v2\/users\/1"}],"replies":[{"embeddable":true,"href":"https:\/\/www.epik.fi\/index.php\/wp-json\/wp\/v2\/comments?post=2212"}],"version-history":[{"count":2,"href":"https:\/\/www.epik.fi\/index.php\/wp-json\/wp\/v2\/pages\/2212\/revisions"}],"predecessor-version":[{"id":2223,"href":"https:\/\/www.epik.fi\/index.php\/wp-json\/wp\/v2\/pages\/2212\/revisions\/2223"}],"wp:attachment":[{"href":"https:\/\/www.epik.fi\/index.php\/wp-json\/wp\/v2\/media?parent=2212"}],"curies":[{"name":"wp","href":"https:\/\/api.w.org\/{rel}","templated":true}]}}