{"id":26,"date":"2023-05-28T05:41:56","date_gmt":"2023-05-28T05:41:56","guid":{"rendered":"https:\/\/dev.epik.fi\/?page_id=26"},"modified":"2024-06-05T16:15:31","modified_gmt":"2024-06-05T13:15:31","slug":"linkit","status":"publish","type":"page","link":"https:\/\/www.epik.fi\/index.php\/linkit\/","title":{"rendered":"Linkit"},"content":{"rendered":"<!-- Beginning of Link Library Output --><div id='linklist1' class='linklist'><!-- Div Linklist -->\n<div class=\"LinkLibraryCat LinkLibraryCat64 level0\"><!-- Div Category --><div id=\"kerhon-tapahtumia\"><!-- Div Category Name --><div class=\"linklistcatname\"><!-- Div Cat Name --><span class=\"linklistcatclass\">Kerhon tapahtumia<\/span><\/div><!-- DivOrHeader --><\/div><!-- Div Category Name --><div class=\"grid\"><div class=\"ll-grid-item\"><a href=\"https:\/\/www.epik.fi\/index.php\/lentonaytos-2024-seinajoella\/\" id=\"link-1616\" class=\"track_this_link \" rel=\"noopener noreferrer\" target=\"_blank\">Lenton\u00e4yt\u00f6s 28.7.2024<\/a><br \/>\n\n<\/div><\/div><\/div><!-- Div End Category -->\n<div class=\"LinkLibraryCat LinkLibraryCat8 level0\"><!-- Div Category --><div id=\"konesivuja\"><!-- Div Category Name --><div class=\"linklistcatname\"><!-- Div Cat Name --><span class=\"linklistcatclass\">Konesivuja<\/span><\/div><!-- DivOrHeader --><\/div><!-- Div Category Name --><div class=\"grid\"><div class=\"ll-grid-item\"><a href=\"https:\/\/www.pilotmix.com\/\" id=\"link-91\" class=\"track_this_link \" rel=\"noopener noreferrer\" target=\"_blank\">K\u00e4ytettyj\u00e4 Ultria ja muuta myyt\u00e4v\u00e4n\u00e4<\/a><br \/>\n\n<\/div><div class=\"ll-grid-item\"><a href=\"http:\/\/www.windcraft.fi\/pik27\/aloitus.htm\" id=\"link-92\" class=\"track_this_link \" rel=\"noopener noreferrer\" target=\"_blank\">Uusin suomalainen hinauskone, PIK-27<\/a><br \/>\n\n<\/div><div class=\"ll-grid-item\"><a href=\"https:\/\/www.dg-aviation.de\/\" id=\"link-93\" class=\"track_this_link \" rel=\"noopener noreferrer\" target=\"_blank\">DG Flugzeugbau GmbH DG 800, DG 1000\u2026<\/a><br \/>\n\n<\/div><div class=\"ll-grid-item\"><a href=\"https:\/\/www.schempp-hirth.com\/en\" id=\"link-94\" class=\"track_this_link \" rel=\"noopener noreferrer\" target=\"_blank\">Schempp-Hirth Flugzeugbau GmbH Discus, Ventus,\u2026<\/a><br \/>\n\n<\/div><div class=\"ll-grid-item\"><a href=\"https:\/\/cessna.txtav.com\/en\" id=\"link-95\" class=\"track_this_link \" rel=\"noopener noreferrer\" target=\"_blank\">Cessna<\/a><br \/>\n\n<\/div><\/div><\/div><!-- Div End Category -->\n<div class=\"LinkLibraryCat LinkLibraryCat6 level0\"><!-- Div Category --><div id=\"lentamiseen-liittyen\"><!-- Div Category Name --><div class=\"linklistcatname\"><!-- Div Cat Name --><span class=\"linklistcatclass\">Lent\u00e4miseen liittyen<\/span><\/div><!-- DivOrHeader --><\/div><!-- Div Category Name --><div class=\"grid\"><div class=\"ll-grid-item\"><a href=\"https:\/\/ilmailusaa.fi\" id=\"link-60\" class=\"track_this_link \" rel=\"noopener noreferrer\" target=\"_blank\">Ilmailus\u00e4\u00e4<\/a><br \/>\n\n<\/div><div class=\"ll-grid-item\"><a href=\"https:\/\/aviamaps.com\/fi\" id=\"link-66\" class=\"track_this_link \" rel=\"noopener noreferrer\" target=\"_blank\">Ilmailun kartat<\/a><br \/>\n\n<\/div><div class=\"ll-grid-item\"><a href=\"https:\/\/www.ais.fi\/fi\" id=\"link-69\" class=\"track_this_link \" rel=\"noopener noreferrer\" target=\"_blank\">Fintraffic Ais \/ C<\/a><br \/>\n\n<\/div><div class=\"ll-grid-item\"><a href=\"http:\/\/www.windcraft.fi\/sera\/\" id=\"link-80\" class=\"track_this_link \" rel=\"noopener noreferrer\" target=\"_blank\">Ais \/ C Eurooppalaiset lentos\u00e4\u00e4nn\u00f6t (SERA)<\/a><br \/>\n\n<\/div><div class=\"ll-grid-item\"><a href=\"https:\/\/www.ilmailuliitto.fi\/ilmailuliitto\/\" id=\"link-81\" class=\"track_this_link \" rel=\"noopener noreferrer\" target=\"_blank\">Suomen Ilmailuliitto<\/a><br \/>\n\n<\/div><div class=\"ll-grid-item\"><a href=\"https:\/\/www.traficom.fi\/fi\/liikenne\/ilmailu\" id=\"link-82\" class=\"track_this_link \" rel=\"noopener noreferrer\" target=\"_blank\">Traficom Ilmailu<\/a><br \/>\n\n<\/div><div class=\"ll-grid-item\"><a href=\"https:\/\/www.finavia.fi\/fi\" id=\"link-83\" class=\"track_this_link \" rel=\"noopener noreferrer\" target=\"_blank\">Finavia<\/a><br \/>\n\n<\/div><\/div><\/div><!-- Div End Category -->\n<div class=\"LinkLibraryCat LinkLibraryCat7 level0\"><!-- Div Category --><div id=\"linkkeja-muiden-kerhojen-sivuille\"><!-- Div Category Name --><div class=\"linklistcatname\"><!-- Div Cat Name --><span class=\"linklistcatclass\">Linkkej\u00e4 muiden kerhojen sivuille<\/span><\/div><!-- DivOrHeader --><\/div><!-- Div Category Name --><div class=\"grid\"><div class=\"ll-grid-item\"><a href=\"https:\/\/www.airpilot.fi\/\" id=\"link-84\" class=\"track_this_link \" rel=\"noopener noreferrer\" target=\"_blank\">Air Pilot Kauhajoki<\/a><br \/>\n\n<\/div><div class=\"ll-grid-item\"><a href=\"http:\/\/www.vaasanlentokerho.fi\/\" id=\"link-85\" class=\"track_this_link \" rel=\"noopener noreferrer\" target=\"_blank\">Vaasan Lentokerho<\/a><br \/>\n\n<\/div><div class=\"ll-grid-item\"><a href=\"https:\/\/lahdenilmailukerho.fi\/\" id=\"link-86\" class=\"track_this_link \" rel=\"noopener noreferrer\" target=\"_blank\">Lahden Ilmailukerho<\/a><br \/>\n\n<\/div><div class=\"ll-grid-item\"><a href=\"http:\/\/www.kily.fi\/site\/\" id=\"link-87\" class=\"track_this_link \" rel=\"noopener noreferrer\" target=\"_blank\">Kouvolan Seudun Ilmailuyhdistys<\/a><br \/>\n\n<\/div><div class=\"ll-grid-item\"><a href=\"http:\/\/www.liy.fi\/\" id=\"link-88\" class=\"track_this_link \" rel=\"noopener noreferrer\" target=\"_blank\">Lappeenrannan Ilmailuyhdistys<\/a><br \/>\n\n<\/div><div class=\"ll-grid-item\"><a href=\"http:\/\/www.oulunilmailukerho.fi\/\" id=\"link-89\" class=\"track_this_link \" rel=\"noopener noreferrer\" target=\"_blank\">Oulun Ilmailukerho<\/a><br \/>\n\n<\/div><div class=\"ll-grid-item\"><a href=\"http:\/\/www.lio.fi\/\" id=\"link-90\" class=\"track_this_link \" rel=\"noopener noreferrer\" target=\"_blank\">Lakeuden Ilmailuosuuskunta<\/a><br \/>\n\n<\/div><div class=\"ll-grid-item\"><a href=\"https:\/\/www.alavudenilmailukerho.com\/\" id=\"link-634\" class=\"track_this_link \" rel=\"noopener noreferrer\" target=\"_blank\">Alavuden Ilmailukerho<\/a><br \/>\n\n<\/div><div class=\"ll-grid-item\"><a href=\"https:\/\/kokkolanilmailukerho.fi\/\" id=\"link-635\" class=\"track_this_link \" rel=\"noopener noreferrer\" target=\"_blank\">Kokkolan ilmailukerho<\/a><br \/>\n\n<\/div><\/div><\/div><!-- Div End Category -->\n<script type='text\/javascript'>\njQuery(document).ready(function()\n{\njQuery( '.grid' ).masonry({\n\titemSelector: '.ll-grid-item',\n\tcolumnWidth: 1\n});\njQuery('.arrow-up').hide();\njQuery('#linklist1 a.track_this_link').click(function() {\nlinkid = this.id;\nlinkid = linkid.substring(5);\npath = '';\njQuery.ajax( {    type: 'POST',    url: 'https:\/\/www.epik.fi\/wordpress\/wp-admin\/admin-ajax.php',     data: { action: 'link_library_tracker',             _ajax_nonce: '1c329db046',             id:linkid, xpath:path }     });\nreturn true;\n});\njQuery('#linklist1 .expandlinks').click(function() {\ntarget = '.' + jQuery(this).attr('id');\nsubcattarget = '.' + jQuery(this).attr('data-subcat');\nif ( jQuery( target ).is(':visible') ) {\njQuery(target).slideUp();\njQuery(subcattarget).slideToggle();\njQuery(this).children('img').attr('src', 'https:\/\/www.epik.fi\/wordpress\/wp-content\/plugins\/link-library\/icons\/expand-32.png');\n} else {\njQuery(target).slideDown();\njQuery(subcattarget).slideToggle();\njQuery(this).children('img').attr('src', 'https:\/\/www.epik.fi\/wordpress\/wp-content\/plugins\/link-library\/icons\/collapse-32.png');\n}\n});\njQuery('#linklist1 .linklistcatclass').click(function() {\njQuery(this).siblings('.expandlinks').click();\n});\njQuery('#linklist1 .linklistcatnamedesc').click(function() {\njQuery(this).siblings('.expandlinks').click();\n});\n});\n<\/script>\n<\/div><!-- Div Linklist -->\n<!-- End of Link Library Output -->\n\n","protected":false},"excerpt":{"rendered":"","protected":false},"author":1,"featured_media":0,"parent":0,"menu_order":0,"comment_status":"closed","ping_status":"closed","template":"","meta":{"_mc_calendar":[],"footnotes":""},"class_list":["post-26","page","type-page","status-publish","hentry"],"yoast_head":"<!-- This site is optimized with the Yoast SEO plugin v25.1 - https:\/\/yoast.com\/wordpress\/plugins\/seo\/ -->\n<title>Linkit - EPIK<\/title>\n<meta name=\"robots\" content=\"index, follow, max-snippet:-1, max-image-preview:large, max-video-preview:-1\" \/>\n<link rel=\"canonical\" href=\"https:\/\/www.epik.fi\/index.php\/linkit\/\" \/>\n<meta property=\"og:locale\" content=\"fi_FI\" \/>\n<meta property=\"og:type\" content=\"article\" \/>\n<meta property=\"og:title\" content=\"Linkit - EPIK\" \/>\n<meta property=\"og:url\" content=\"https:\/\/www.epik.fi\/index.php\/linkit\/\" \/>\n<meta property=\"og:site_name\" content=\"EPIK\" \/>\n<meta property=\"article:publisher\" content=\"https:\/\/www.facebook.com\/EPilmailukerho\" \/>\n<meta property=\"article:modified_time\" content=\"2024-06-05T13:15:31+00:00\" \/>\n<meta name=\"twitter:card\" content=\"summary_large_image\" \/>\n<meta name=\"twitter:label1\" content=\"Arvioitu lukuaika\" \/>\n\t<meta name=\"twitter:data1\" content=\"1 minuutti\" \/>\n<script type=\"application\/ld+json\" class=\"yoast-schema-graph\">{\"@context\":\"https:\/\/schema.org\",\"@graph\":[{\"@type\":\"WebPage\",\"@id\":\"https:\/\/www.epik.fi\/index.php\/linkit\/\",\"url\":\"https:\/\/www.epik.fi\/index.php\/linkit\/\",\"name\":\"Linkit - EPIK\",\"isPartOf\":{\"@id\":\"https:\/\/www.epik.fi\/#website\"},\"datePublished\":\"2023-05-28T05:41:56+00:00\",\"dateModified\":\"2024-06-05T13:15:31+00:00\",\"breadcrumb\":{\"@id\":\"https:\/\/www.epik.fi\/index.php\/linkit\/#breadcrumb\"},\"inLanguage\":\"fi\",\"potentialAction\":[{\"@type\":\"ReadAction\",\"target\":[\"https:\/\/www.epik.fi\/index.php\/linkit\/\"]}]},{\"@type\":\"BreadcrumbList\",\"@id\":\"https:\/\/www.epik.fi\/index.php\/linkit\/#breadcrumb\",\"itemListElement\":[{\"@type\":\"ListItem\",\"position\":1,\"name\":\"Etusivu\",\"item\":\"https:\/\/www.epik.fi\/\"},{\"@type\":\"ListItem\",\"position\":2,\"name\":\"Linkit\"}]},{\"@type\":\"WebSite\",\"@id\":\"https:\/\/www.epik.fi\/#website\",\"url\":\"https:\/\/www.epik.fi\/\",\"name\":\"EPIK\",\"description\":\"Sein\u00e4joen lentokent\u00e4ll\u00e4 toimiva ilmailukerho\",\"publisher\":{\"@id\":\"https:\/\/www.epik.fi\/#organization\"},\"potentialAction\":[{\"@type\":\"SearchAction\",\"target\":{\"@type\":\"EntryPoint\",\"urlTemplate\":\"https:\/\/www.epik.fi\/?s={search_term_string}\"},\"query-input\":{\"@type\":\"PropertyValueSpecification\",\"valueRequired\":true,\"valueName\":\"search_term_string\"}}],\"inLanguage\":\"fi\"},{\"@type\":\"Organization\",\"@id\":\"https:\/\/www.epik.fi\/#organization\",\"name\":\"EPIK\",\"url\":\"https:\/\/www.epik.fi\/\",\"logo\":{\"@type\":\"ImageObject\",\"inLanguage\":\"fi\",\"@id\":\"https:\/\/www.epik.fi\/#\/schema\/logo\/image\/\",\"url\":\"https:\/\/www.epik.fi\/wordpress\/wp-content\/uploads\/2023\/10\/Logo.jpg\",\"contentUrl\":\"https:\/\/www.epik.fi\/wordpress\/wp-content\/uploads\/2023\/10\/Logo.jpg\",\"width\":235,\"height\":234,\"caption\":\"EPIK\"},\"image\":{\"@id\":\"https:\/\/www.epik.fi\/#\/schema\/logo\/image\/\"},\"sameAs\":[\"https:\/\/www.facebook.com\/EPilmailukerho\"]}]}<\/script>\n<!-- \/ Yoast SEO plugin. -->","yoast_head_json":{"title":"Linkit - EPIK","robots":{"index":"index","follow":"follow","max-snippet":"max-snippet:-1","max-image-preview":"max-image-preview:large","max-video-preview":"max-video-preview:-1"},"canonical":"https:\/\/www.epik.fi\/index.php\/linkit\/","og_locale":"fi_FI","og_type":"article","og_title":"Linkit - EPIK","og_url":"https:\/\/www.epik.fi\/index.php\/linkit\/","og_site_name":"EPIK","article_publisher":"https:\/\/www.facebook.com\/EPilmailukerho","article_modified_time":"2024-06-05T13:15:31+00:00","twitter_card":"summary_large_image","twitter_misc":{"Arvioitu lukuaika":"1 minuutti"},"schema":{"@context":"https:\/\/schema.org","@graph":[{"@type":"WebPage","@id":"https:\/\/www.epik.fi\/index.php\/linkit\/","url":"https:\/\/www.epik.fi\/index.php\/linkit\/","name":"Linkit - EPIK","isPartOf":{"@id":"https:\/\/www.epik.fi\/#website"},"datePublished":"2023-05-28T05:41:56+00:00","dateModified":"2024-06-05T13:15:31+00:00","breadcrumb":{"@id":"https:\/\/www.epik.fi\/index.php\/linkit\/#breadcrumb"},"inLanguage":"fi","potentialAction":[{"@type":"ReadAction","target":["https:\/\/www.epik.fi\/index.php\/linkit\/"]}]},{"@type":"BreadcrumbList","@id":"https:\/\/www.epik.fi\/index.php\/linkit\/#breadcrumb","itemListElement":[{"@type":"ListItem","position":1,"name":"Etusivu","item":"https:\/\/www.epik.fi\/"},{"@type":"ListItem","position":2,"name":"Linkit"}]},{"@type":"WebSite","@id":"https:\/\/www.epik.fi\/#website","url":"https:\/\/www.epik.fi\/","name":"EPIK","description":"Sein\u00e4joen lentokent\u00e4ll\u00e4 toimiva ilmailukerho","publisher":{"@id":"https:\/\/www.epik.fi\/#organization"},"potentialAction":[{"@type":"SearchAction","target":{"@type":"EntryPoint","urlTemplate":"https:\/\/www.epik.fi\/?s={search_term_string}"},"query-input":{"@type":"PropertyValueSpecification","valueRequired":true,"valueName":"search_term_string"}}],"inLanguage":"fi"},{"@type":"Organization","@id":"https:\/\/www.epik.fi\/#organization","name":"EPIK","url":"https:\/\/www.epik.fi\/","logo":{"@type":"ImageObject","inLanguage":"fi","@id":"https:\/\/www.epik.fi\/#\/schema\/logo\/image\/","url":"https:\/\/www.epik.fi\/wordpress\/wp-content\/uploads\/2023\/10\/Logo.jpg","contentUrl":"https:\/\/www.epik.fi\/wordpress\/wp-content\/uploads\/2023\/10\/Logo.jpg","width":235,"height":234,"caption":"EPIK"},"image":{"@id":"https:\/\/www.epik.fi\/#\/schema\/logo\/image\/"},"sameAs":["https:\/\/www.facebook.com\/EPilmailukerho"]}]}},"_links":{"self":[{"href":"https:\/\/www.epik.fi\/index.php\/wp-json\/wp\/v2\/pages\/26"}],"collection":[{"href":"https:\/\/www.epik.fi\/index.php\/wp-json\/wp\/v2\/pages"}],"about":[{"href":"https:\/\/www.epik.fi\/index.php\/wp-json\/wp\/v2\/types\/page"}],"author":[{"embeddable":true,"href":"https:\/\/www.epik.fi\/index.php\/wp-json\/wp\/v2\/users\/1"}],"replies":[{"embeddable":true,"href":"https:\/\/www.epik.fi\/index.php\/wp-json\/wp\/v2\/comments?post=26"}],"version-history":[{"count":6,"href":"https:\/\/www.epik.fi\/index.php\/wp-json\/wp\/v2\/pages\/26\/revisions"}],"predecessor-version":[{"id":65,"href":"https:\/\/www.epik.fi\/index.php\/wp-json\/wp\/v2\/pages\/26\/revisions\/65"}],"wp:attachment":[{"href":"https:\/\/www.epik.fi\/index.php\/wp-json\/wp\/v2\/media?parent=26"}],"curies":[{"name":"wp","href":"https:\/\/api.w.org\/{rel}","templated":true}]}}